e 10) to base 16
41f072
-734277 (base 8) to base 7
-2034042
-210120002201 (base 3) to base 9
-716081
Convert 212602 (base 8) to base 14.
1bc66
Convert 1201021002 (base 3) to base 10.
33725
Convert 19907 (base 11) to base 2.
110110001000100
Convert -44310003 (base 5) to base 8.
-1357753
What is 2332002130 (base 4) in base 3?
1110112202111
-1230000310 (base 4) to base 15
-8b14a
What is 16174 (base 10) in base 5?
1004144
Convert 3554b (base 12) to base 7.
415553
421452 (base 9) to base 16
3d232
1103112132 (base 5) to base 15
3247e7
1251072 (base 8) to base 7
2651464
1111110100101110 (base 2) to base 12
31612
What is 4030142 (base 5) in base 6?
1214130
-6803b2 (base 16) to base 5
-3221113230
-31223401 (base 5) to base 6
-5310200
What is 2210310202 (base 4) in base 2?
10100100110100100010
-9244e1 (base 15) to base 14
-cccc56
What is -12000013013 (base 4) in base 8?
-6000707
What is 3602131 (base 8) in base 9?
1760003
Convert 1212321031 (base 4) to base 14.
ad83b
Convert 11010131223 (base 5) to base 10.
11802063
What is 48757 (base 11) in base 10?
70121
What is -9396392 (base 10) in base 14?
-13684ac
What is 100000010010010101001110 (base 2) in base 16?
81254e
Convert -234645 (base 9) to base 13.
-4c385
-457175 (base 13) to base 16
-191465
Convert -b1b7 (base 14) to base 9.
-45804
Convert -7917969 (base 10) to base 12.
-279a1a9
Convert 1100111001111001001111 (base 2) to base 16.
339e4f
Convert 9a1374 (base 16) to base 3.
201000000012101
-a69b7 (base 12) to base 11
-13a72a
What is 2905973 (base 11) in base 4?
103010303111
Convert 12000102212112 (base 3) to base 8.
12126603
Convert -166651 (base 14) to base 3.
-1110221020021
Convert -426d9 (base 14) to base 2.
-100111001100000111
What is 2100101211001 (base 3) in base 6?
42425214
What is 103122031 (base 4) in base 2?
10011011010001101
Convert -4133 (base 9) to base 16.
-bd3
What is -10010010100001101000 (base 2) in base 12?
-24b3a0
426c5 (base 16) to base 10
272069
Convert -4d0dc8 (base 15) to base 16.
-387032
23230 (base 4) to base 14
3b6
What is -25436154 (base 7) in base 5?
-1042440113
12055035 (base 8) to base 5
1134111014
-1063636 (base 8) to base 16
-4679e
-4500306 (base 7) to base 9
-1035016
Convert -1940f (base 16) to base 10.
-103439
-103324120 (base 7) to base 6
-340201114
What is -3321301233 (base 4) in base 7?
-11460522
What is 4304214 (base 6) in base 5?
23222043
What is 624d2 (base 15) in base 9?
524378
b21b8 (base 12) to base 4
320212130
1616dc (base 14) to base 3
1110020120200
Convert -3ab227 (base 15) to base 16.
-2b0f63
Convert 14100346 (base 7) to base 11.
816084
Convert 540573 (base 8) to base 11.
113765
1232111321 (base 5) to base 13
8123bc
1200320004 (base 5) to base 2
1010011110001010101100
Convert -2306 (base 10) to base 14.
-baa
-1021211000010 (base 3) to base 7
-5552565
What is 121202121211 (base 3) in base 12?
13ab4a
-a4169 (base 11) to base 12
-73b0a
Convert 3c4c6a (base 13) to base 9.
2676042
What is -174bb4 (base 14) in base 10?
-820026
What is 1001010011010100 (base 2) in base 14?
dc56
Convert -41505124 (base 6) to base 11.
-754439
What is -1101111000110100101001 (base 2) in base 12?
-1276a09
Convert 8ba9 (base 12) to base 3.
210022110
What is 14145755 (base 8) in base 12?
10a27a5
What is -32761a (base 11) in base 10?
-522499
What is -88b55 (base 12) in base 5?
-21300421
What is 46181 (base 9) in base 10?
30772
What is -1ecd6 (base 15) in base 16?
-189a8
Convert -5969645 (base 10) to base 15.
-7cdbb5
ff401 (base 16) to base 12
425055
-14966b (base 13) to base 5
-112201123
Convert 122604 (base 10) to base 14.
32976
Convert 22020323 (base 5) to base 13.
67c50
Convert 1020101101 (base 3) to base 9.
36341
1628c (base 15) to base 10
71457
-8411392 (base 10) to base 8
-40054400
What is -257599 (base 10) in base 6?
-5304331
Convert 1212010222212 (base 3) to base 12.
3b7272
Convert 198ac3 (base 14) to base 3.
1201010001201
What is 1030061 (base 9) in base 8?
2064413
3683e (base 16) to base 9
370264
What is 402810 (base 9) in base 11?
153057
1952d (base 15) to base 2
10100000011111000
Convert 132120303102 (base 4) to base 9.
15881146
Convert 111010110101000101001100 (base 2) to base 16.
eb514c
-101001010101100100 (base 2) to base 7
-1303430
-1611287 (base 10) to base 12
-65855b
What is 222301233132 (base 4) in base 8?
52615736
543025 (base 6) to base 8
127271
-45287 (base 12) to base 7
-532102
What is -20502310 (base 6) in base 9?
-1113066
What is 10355253 (base 7) in base 3?
1200002212020
What is 14131310 (base 5) in base 3?
21102001010
Convert 123323122 (base 4) to base 12.
5624a
Convert -3022443 (base 5) to base 12.
-24096
What is 3710a (base 14) in base 13?
493a8
What is -698889 (base 12) in base 2?
-110011101101111101001
-110013113 (base 4) to base 3
-11012000112
-9454193 (base 10) to base 14
-1381597
What is -14535010 (base 6) in base 2?
-1111100100111001110
What is -1121133303 (base 4) in base 10?
-366579
What is 31556 (base 16) in base 7?
1501061
Convert -69114 (base 12) to base 15.
-2b7bd
205963 (base 10) to base 7
1515322
Convert 404417 (base 8) to base 15.
297cb
Convert -38630 (base 10) to base 2.
-1001011011100110
-545062 (base 7) to base 9
-154767
What is 1114200400 (base 5) in base 6?
125215045
What is -1134222211 (base 5) in base 2?
-1010000110100101101111
What is -690556 (base 11) in base 13?
-2c6157
What is -110103013121 (base 4) in base 16?
-5131d9
Convert 113333505 (base 6) to base 5.
1021040234
Convert -271f69 (base 16) to base 6.
-130542041
What is -436666 (base 7) in base 15?
-17b71
-2049bf (base 16) to base 8
-10044677
Convert 2020222002201 (base 3) to base 6.
41415331
What is 1133625 (base 7) in base 5?
14034001
1212110102 (base 3) to base 16
8fb1
Convert -1011002210 (base 4) to base 12.
-117798
What is 12222123033 (base 4) in base 16?
1aa6cf
22100100102201 (base 3) to base 6
235022544
Convert -1104124141 (base 5) to base 13.
-665639
What is -11303112212 (base 4) in base 6?
-52333542
Convert d96b0 (base 14) to base 12.
2140a2
Convert 434055140 (base 6) to base 2.
11101100100101101000100
Convert 22aa020 (base 11) to base 9.
7514184
6653a (base 15) to base 9
545051
-907733 (base 10) to base 8
-3354725
What is 5880603 (base 10) in base 15?
7b2603
Convert -217702 (base 8) to base 6.
-1325014
331223103 (base 4) to base 7
2101344
What is 113063 (base 8) in base 6?
454003
What is -100342444 (base 6) in base 8?
-6411274
abb23 (base 12) to base 16
37a8b
What is -527999 (base 13) in base 7?
-22260416
1cca202 (base 13) to base 5
4432203432
654436 (base 7) to base 13
40123
Convert 89777 (base 13) to base 4.
330323012
Convert -a6b67 (base 15) to base 8.
-2011260
Convert 877868 (base 10) to base 3.
1122121012122
Convert -4244443 (base 5) to base 9.
-118528
Convert 3363502 (base 8) to base 13.
25b970
-1030323103 (base 4) to base 14
-82b87
Convert 243ad (base 15) to base 4.
130032010
What is -21000030020 (base 4) in base 9?
-4386362
Convert -11336427 (base 9) to base 16.
-542abb
Convert -a7217 (base 13) to base 7.
-2363364
Convert -16573521 (base 9) to base 11.
-476a533
What is 202020220 (base 3) in base 11?
10104
Convert -111011000011101111001 (base 2) to base 11.
-1101a66
What is -322201002 (base 5) in base 9?
-2511412
Convert -780ad (base 15) to base 2.
-1011101001001100010
-3a1461 (base 13) to base 10
-1402441
What is -22011120112122 (base 3) in base 6?
-233015542
Convert -39305 (base 10) to base 12.
-1a8b5
Convert -32966 (base 12) to base 2.
-10000010111011110
Convert -12e97 (base 15) to base 16.
-ecfb
What is -2a9111 (base 11) in base 6?
-14145040
What is 133142042 (base 5) in base 13?
1a9664
What is -224582 (base 11) in base 7?
-3015664
What is -5877444 (base 9) in base 7?
-36016012
Convert -200710 (base 9) to base 4.
-130332102
What is -80729 (base 10) in base 4?
-103231121
-1ca86a (base 14) to base 4
-3322331032
What is 13ac9b (base 15) in base 16?
e7686
Convert 2123344 (base 5) to base 4.
20310003
Convert -20222110112 (base 3) to base 13.
-4a6c6
What is 31130322203 (base 4) in base 9?
6564158
What is 21740440 (base 8) in base 9?
8756545
Convert -4882339 (base 10) to base 9.
-10161271
-53169 (base 10) to base 6
-1050053
25304000 (base 7) to base 4
20232120110
What is -34042012 (base 8) in base 3?
-111211210112011
-123021321 (base 4) to base 10
-111225
What i